00?
True
Is 707 a factor of 9332400?
True
Does 21 divide 750077?
False
Does 379 divide 495765352?
True
Is 5080542867 a multiple of 31?
False
Is 3424070598 a multiple of 78?
True
Is 241 a factor of 665499328?
True
Is 826970729 a multiple of 1313?
True
Does 579 divide 24341160?
True
Does 398 divide 116057994?
True
Is 2434 a factor of 75244095?
False
Does 336 divide 194327616?
True
Is 2005744995 a multiple of 53?
False
Is 9 a factor of 293274588?
False
Is 288 a factor of 2028936704?
False
Is 100 a factor of 36498749?
False
Does 7 divide 448373290?
False
Is 4 a factor of 15696336?
True
Is 7 a factor of 2736844980?
False
Is 104 a factor of 669903518?
False
Does 4913 divide 4972186533?
False
Is 1441226075 a multiple of 25?
True
Is 1122 a factor of 590884886?
False
Is 150 a factor of 94981650?
True
Is 354 a factor of 33894723?
False
Does 3110 divide 296566490?
True
Is 21970722 a multiple of 4?
False
Does 9 divide 347554259?
False
Does 254 divide 1637122202?
True
Is 1772 a factor of 35130448?
False
Is 25 a factor of 59319208?
False
Is 359724600 a multiple of 552?
True
Is 840089132 a multiple of 970?
False
Is 428 a factor of 137638259?
False
Is 2 a factor of 137827743?
False
Does 163 divide 6255511?
False
Does 43 divide 2746240236?
True
Does 102 divide 6645300?
True
Is 103156615 a multiple of 205?
True
Is 30 a factor of 1377593147?
False
Is 752024160 a multiple of 96?
True
Does 1724 divide 50358325?
False
Is 27054338 a multiple of 19?
False
Does 5 divide 313165?
True
Is 59532009 a multiple of 159?
False
Does 34 divide 7595226?
True
Is 663647136 a multiple of 1756?
False
Does 608 divide 66579040?
True
Is 806 a factor of 350674628?
False
Is 57 a factor of 321894333?
True
Does 7 divide 12363378?
False
Is 10 a factor of 316992?
False
Does 67 divide 179697612?
False
Is 43 a factor of 65371213?
False
Does 10 divide 5507068515?
False
Does 2386 divide 65311978?
True
Is 1018017546 a multiple of 13?
True
Is 5 a factor of 927295?
True
Is 32 a factor of 2948483902?
False
Does 5 divide 593085?
True
Does 122 divide 13938909?
False
Is 221 a factor of 1164079267?
True
Does 150 divide 9349500?
True
Does 359 divide 116911963?
False
Is 7 a factor of 7458927?
True
Is 6 a factor of 368123016?
True
Is 30201996 a multiple of 51?
True
Does 1755 divide 700245?
True
Does 1056 divide 372595297?
False
Does 77 divide 24441109?
True
Is 2219815 a multiple of 65?
True
Is 57 a factor of 47906?
False
Does 42 divide 893658282?
False
Is 4164 a factor of 300345156?
True
Does 99 divide 53106471?
True
Is 107 a factor of 1432837?
True
Does 1328 divide 61337664?
True
Is 39 a factor of 72588711?
True
Does 1488 divide 96092849?
False
Does 245 divide 96033026?
False
Is 11 a factor of 77559922?
True
Is 158491572 a multiple of 3537?
False
Is 490791316 a multiple of 89?
False
Is 591960720 a multiple of 1685?
True
Is 2680 a factor of 998618920?
True
Is 51 a factor of 16301079?
True
Is 6 a factor of 80197919?
False
Is 2369 a factor of 25575724?
True
Is 13712248 a multiple of 88?
True
Does 2969 divide 122204040?
True
Is 4 a factor of 233885308?
True
Is 33831488 a multiple of 2224?
True
Does 304 divide 1186480080?
True
Is 220 a factor of 5406665?
False
Is 68099027 a multiple of 8?
False
Is 4948110531 a multiple of 39?
True
Is 16044951 a multiple of 9?
False
Is 853514 a multiple of 7?
False
Does 599 divide 30820347?
True
Is 31330316 a multiple of 4?
True
Is 607383046 a multiple of 1602?
False
Is 23 a factor of 866186381?
False
Is 32 a factor of 181809376?
True
Is 41544510 a multiple of 5?
True
Is 526007170 a multiple of 481?
True
Is 168 a factor of 17183684?
False
Is 1490 a factor of 89946830?
True
Is 24859401 a multiple of 714?
False
Is 685 a factor of 60116125?
False
Is 70850935 a multiple of 28?
False
Does 15 divide 17343609?
False
Is 85895448 a multiple of 58?
True
Is 413960904 a multiple of 14?
True
Does 619 divide 17161156?
True
Is 1331 a factor of 989084734?
True
Does 459 divide 24339844?
False
Is 929044534 a multiple of 22?
True
Is 44 a factor of 397837720?
False
Does 3951 divide 43800786?
True
Is 448 a factor of 76071296?
True
Is 263 a factor of 21275043?
False
Is 758 a factor of 35714867?
False
Is 621 a factor of 41130072?
True
Is 370822225 a multiple of 149?
False
Is 13 a factor of 32522607?
True
Is 935409954 a multiple of 59?
True
Is 165 a factor of 4664317?
False
Is 79855214 a multiple of 43?
True
Is 93625244 a multiple of 5?
False
Is 442 a factor of 1160907451?
False
Does 224 divide 877234455?
False
Does 2872 divide 64251564?
False
Is 352694866 a multiple of 2671?
True
Does 7773 divide 2038826808?
True
Does 7 divide 8679757?
False
Is 3 a factor of 509671968?
True
Is 147032385 a multiple of 540?
False
Is 917 a factor of 1921797248?
True
Is 669 a factor of 119444621?
False
Is 776259472 a multiple of 284?
True
Is 58 a factor of 115090863?
False
Is 64270655 a multiple of 41?
False
Is 1055490312 a multiple of 187?
False
Does 107 divide 13192111?
False
Does 164 divide 821841224?
False
Does 126 divide 36205811?
False
Does 22 divide 134830869?
False
Is 47 a factor of 369911064?
False
Is 1746169126 a multiple of 13?
True
Does 504 divide 61230960?
True
Is 75656358 a multiple of 10?
False
Is 844 a factor of 238949877?
False
Does 1014 divide 1226795?
False
Does 2777 divide 113599182?
False
Is 560 a factor of 1404942560?
True
Is 125 a factor of 527592625?
True
Is 107 a factor of 44680846?
True
Does 684 divide 6738768?
True
Does 590 divide 1346733410?
True
Does 289 divide 341147738?
True
Does 37 divide 166593659?
False
Is 1005580322 a multiple of 9?
False
Does 12 divide 118771152?
True
Does 112 divide 8825907?
False
Is 3573 a factor of 121427049?
False
Does 497 divide 67022935?
True
Is 465020644 a multiple of 382?
False
Does 428 divide 555539720?
True
Is 6033 a factor of 1112026692?
True
Is 2130944739 a multiple of 83?
True
Is 787 a factor of 53386145?
True
Does 4 divide 257346156?
True
Is 164764919 a multiple of 2?
False
Is 81205719 a multiple of 21?
True
Is 58 a factor of 7064922?
True
Is 4730 a factor of 249110180?
True
Is 6625 a factor of 924823500?
True
Does 3633 divide 370802145?
True
Is 15 a factor of 2889616?
False
Does 17 divide 229770079?
True
Is 38 a factor of 413406034?
False
Does 11 divide 125462014?
False
Is 13 a factor of 2344132?
False
Does 539 divide 1878771943?
False
Is 284 a factor of 86277982?
False
Is 143974877 a multiple of 3672?
False
Does 47 divide 99847129?
True
Does 23 divide 23193730?
False
Is 344762168 a multiple of 200?
False
Is 642 a factor of 25347352?
False
Does 50 divide 2111772009?
False
Is 903260690 a multiple of 1511?
True
Does 4 divide 2737220?
True
Is 29 a factor of 2516490?
False
Is 29 a factor of 287233690?
True
Is 898 a factor of 488818218?
True
Is 17147157 a multiple of 45?
False
Is 47 a factor of 320035596?
True
Is 636 a factor of 80298816?
True
Does 45 divide 96366510?
True
Does 104 divide 17854928?
True
Does 234 divide 7845987?
False
Does 587 divide 909900518?
False
Does 23 divide 709522906?
True
Does 67 divide 3498250804?
False
Is 2251 a factor of 3962097677?
False
Does 5 divide 1130239707?
False
Is 2234535945 a multiple of 57?
True
Does 640 divide 905154560?
True
Is 4 a factor of 87988793?
False
Does 35 divide 74494386?
False
Is 81011999 a multiple of 6?
False
Is 19 a factor of 688309898?
False
Is 41775792 a multiple of 4?
True
Is 51947025 a multiple of 195?
True
Does 49 divide 172048457?
True
Is 23 a factor of 603494539?
True
Is 1954 a factor of 213717810?
False
Is 153 a factor of 7315848?
True
Does 234 divide 2426708?
False
Is 19 a factor of 114276982?
True
Does 297 divide 2304253116?
True
Does 170 divide 665650278?
False
Does 18 divide 7145397?
False
Is 196 a factor of 8200836?
True
Is 316200 a multiple of 930?
True
Is 1247149095 a multiple of 1801?
False
Does 176 divide 145089120?
True
Is 17784498 a multiple of 334?
True
Is 9 a factor of 527153085?
True
Does 330 divide 3240178260?
True
Is 176712354 a multiple of 546?
True
Is 43789784 a multiple of 642?
False
Is 96034016 a multiple of 104?
True
Is 9 a factor of 349078249?
False
Does 31 divide 1286772355?
False
Does 55 divide 464965408?
False
Does 7 divide 1189405?
True
Is 194481785 a multiple of 3077?
True
Is 1873991856 a multiple of 4967?
False
Is 27 a factor of 136662779?
False
Does 3213 divide 13